i.
11
Let s(x) = 11*x + 1. Let z be 40/2*((-7)/28 + 1). Suppose 3*h - 189 = -z. Calculate the remainder when h is divided by s(1).
10
Let q = -1779 + 2910. Calculate the remainder when q is divided by 27.
24
Let b = -241 + 241. Suppose b = -8*c + 66 + 22. What is the remainder when c is divided by 6?
5
Suppose -13*p - 5*l = -10*p - 31, -2*l - 93 = -5*p. What is the remainder when 575 is divided by p?
14
Let b(m) = -m**3 + m**2 - 2*m + 947. Let z be b(0). Suppose -10*c + z = 47. Suppose 4*s - 9*s = -c. Calculate the remainder when 84 is divided by s.
12
Suppose -70 = -2*z - 60, -2*n + 2*z + 1788 = 0. Calculate the remainder when n is divided by 31.
0
Suppose -156370*c + 156381*c - 385 = 0. Calculate the remainder when 559 is divided by c.
34
Suppose 5*v = -o + 185, 3*o - 23 = -3*v + 2*v. Suppose -2*h = -3*z - v, 2*z - 4*z = 2*h - 18. Calculate the remainder when 31 is divided by h.
5
Suppose -4*u = -5*f - 634, 0 = f - 0*u - 5*u + 131. Calculate the remainder when (14/f + (-62)/(-72))*476 is divided by (-4)/(39/10 - 4).
37
Let c(n) = -63*n + 3135. What is the remainder when c(44) is divided by 323?
40
Let j(f) be the second derivative of f**4/6 - 2*f**3 + 11*f**2/2 - 116*f - 2. What is the remainder when 128 is divided by j(8)?
42
Let m(a) = a**3 + 50*a**2 + 471*a - 77. Calculate the remainder when m(-16) is divided by 362.
5
Let q = 2 + 0. Let z(t) = 8*t**2 + 4*t - 4. Let j be z(q). What is the remainder when 1 + -4 - j*(-1)/1 is divided by 7?
5
Suppose 0 = 315*b - 309*b - 18. Suppose -b*i - 2*k + 289 = 0, -2*i - 54 = -3*k - 251. Calculate the remainder when i is divided by 38.
21
Let t = -70 + 388. What is the remainder when t is divided by (-5 - (9 + -15))*(-4 - -85)?
75
Let p be (272/(-612))/(4/18). What is the remainder when 75*p*(-2 - -5)/(-6) is divided by 43?
32
Suppose -5*x = -2*a - 187, 2*a - 195 + 32 = -5*x. What is the remainder when (2/(-2))/((-2)/558) is divided by x?
34
Let o(h) = h**2 - 14*h + 8. Let q be o(10). Calculate the remainder when ((-1384)/q)/(2/8) is divided by 20.
13
Calculate the remainder when 7579/91 + (-2)/7 is divided by (-2)/11 + (-1708)/(-77).
17
Suppose -4*v = -h - 486, -4*v + 64 = -2*h - 432. Let m = -45 - -105. What is the remainder when v is divided by m?
59
Let j = 47 - 31. Suppose 5*z - 7*z - j = 0. What is the remainder when -1 + -254*4/z is divided by 43?
40
Let z = -5391 + 5438. What is the remainder when 3758 is divided by z?
45
Let h be -2 - 80/(-45) - (-202)/18. Let d = h - -23. Calculate the remainder when 135 is divided by d.
33
Suppose 103 = 2*q - 23. Let p(j) = -41*j + 485. Calculate the remainder when p(9) is divided by q.
53
Suppose -2*f = -2*c - 2*c + 2742, -2*c + 3*f + 1373 = 0. Let d = -645 + c. Calculate the remainder when 114 is divided by d.
34
What is the remainder when 389 is divided by (6/(-21)*-3)/((-54)/(-24003))?
8
Let s be 291 - 2 - (3 + -10). Let m = s - 280. Calculate the remainder when 56 is divided by m.
8
Calculate the remainder when 145 is divided by -16 - -15 - 21 - -167.
0
Let v be 4/14 - 166/(-7). Suppose -v*s + 120 = -16*s. Let q(p) = p**3 + 4*p**2 - 2*p - 4. Calculate the remainder when s is divided by q(-4).
3
Let q be (-65)/(-845) - (-300)/(-13). Let l(p) = p + 24. What is the remainder when 1/(-2) + 3/2 is divided by l(q)?
0
Let i = -8692 + 11906. What is the remainder when i is divided by 67?
65
Let q = -82 - -89. Let b be (q/(-14))/(3/(-30)). Suppose 0 = i + 3*z + 5 - 35, 3*z + 96 = b*i. What is the remainder when i is divided by 5?
1
Let d(p) = -525*p - 434. Suppose -l = 2*y - 4*y + 48, 2*y + 4*l = 38. What is the remainder when d(-1) is divided by y?
22
Suppose -420*n + 348*n + 4536 = 0. Calculate the remainder when 507 is divided by n.
3
Suppose -40*i + 41*i + 3*q = 279, i - q = 303. Calculate the remainder when 416 is divided by i.
119
Suppose 4*n - 4*v - 140 = 0, -4*n + v = -2*v - 144. Let h = n - 43. What is the remainder when 17 is divided by h - (4 + -6 + -9)?
3
Let t = -9233 + 9473. Calculate the remainder when t is divided by 69.
33
Let s = 57 + 40. Let o(j) = 11*j + 193. What is the remainder when s is divided by o(-13)?
47
Let t(u) = 2*u**2 + 71*u + 660. Calculate the remainder when t(-9) is divided by 55.
18
Suppose 5*f = -4*k + 4561, 5*f - 5664 = -k - 1115. Calculate the remainder when f is divided by 26.
25
Let o(l) = -4*l + 107. Let p(t) = -1. Let r(v) = o(v) + 4*p(v). What is the remainder when 87 is divided by r(17)?
17
Let b = 21 - 32. Let d be b - -10 - (-46 - 0/1). Suppose -3*y - d = -8*y. Calculate the remainder when 21 is divided by y.
3
Suppose 0 = -i + 4*i + 102. Let z = i + 42. Calculate the remainder when 70 is divided by z.
6
Let f(q) = q**3 + 33*q**2 - 61*q - 1829. Calculate the remainder when f(-29) is divided by 35.
14
Suppose -14 = z - 126. Let n be 2*1*(-266 + 3). What is the remainder when 63 is divided by 14/z + n/(-16)?
30
Suppose -2*y + 30 + 2 = 0. Calculate the remainder when 850 is divided by ((-196)/y)/(-1) + 7/(-28).
10
Let l = -27 + 285. Suppose -b - a = -173, 162 = 2*b - 3*a - 159. Let w = l - b. Calculate the remainder when w is divided by 31.
28
Let b = 5270 - 5262. Calculate the remainder when 26 is divided by b.
2
Suppose -2*g = -h + 1070, -108 = -h + 3*g + 959. Calculate the remainder when h is divided by 1066.
10
Suppose -5*m = 5*g - 975, -2 + 14 = -4*m. What is the remainder when g is divided by 64?
6
Let z = -625 + 925. Let y = 84 - -18. Suppose 9*m - z = -y. What is the remainder when 108 is divided by m?
20
Let o = 582 - 587. What is the remainder when o/(25/(-3))*9870/6 is divided by 18?
15
Suppose 2*i - 3*i + 2 = 0. Let r be 588 - i - (0 - 2). What is the remainder when (-4)/6 + r/18 is divided by 11?
10
Suppose -y - 37 = -4*a, 3*y = -9*a + 5*a + 33. Let m = 51 + -16. Calculate the remainder when m is divided by a.
8
Suppose 93 = 3*j - 3*o - 99, 5*o - 260 = -5*j. What is the remainder when j is divided by 12?
10
Let z(l) = 2*l**2 - 76*l - 2962. What is the remainder when 401 is divided by z(-24)?
9
Suppose 40*n + 64 = 48*n. Let j(w) = -w**3 - 4*w**2 + 2*w - 7. Let v be j(-5). Suppose -4*c + v = -48. Calculate the remainder when c is divided by n.
6
Let w(g) = g**3 + 9*g**2 + 18*g + 28. Let m be w(-7). Suppose 12*p - 17*p + 20 = m. Suppose 0 = -2*q + 7 + 1. Calculate the remainder when q is divided by p.
0
Let m(p) = -p. Let t be 65/(-7) + 2/7. Suppose 0 = 9*b + 7*b - 80. What is the remainder when m(t) is divided by b?
4
Let r(l) = -l**2 - 9*l + 196. What is the remainder when r(-13) is divided by 105?
39
Suppose -5*t + 5*i - 630 = 0, -5*t = -3*i - i + 634. Let y = 134 + t. What is the remainder when (12/y)/6 - 140/(-8) is divided by 11?
7
Let i(r) = 6*r**2 - 15*r + 69. Calculate the remainder when 2014 is divided by i(5).
142
Suppose -q = w + 2, -3*w + 2*q = 37 - 11. Let m be 304/w - (-1 + 8/6). Let d = m + 70. What is the remainder when d is divided by 7?
5
Suppose -10*p = -8*p. Suppose 5*n + l - 81 = 3*l, p = 5*n - l - 83. Suppose 8 = 2*g - 12. What is the remainder when n is divided by g?
7
Suppose -2*k = f - 3*k - 1759, -4*k = 2*f - 3524. What is the remainder when f is divided by 583?
11
Calculate the remainder when 1184 is divided by (92/18)/((-74)/(-5661)).
11
Let l(z) = -z**2 + 11*z - 22. Suppose -49 = -5*q + 4*r - 2*r, q = -5*r - 1. Let k be l(q). What is the remainder when k + (-200)/(10/(-2)) is divided by 19?
17
Suppose -23*n = -65*n + 1890. Calculate the remainder when n is divided by 23.
22
Let o(q) = -18*q - 248. Let h be o(-14). Suppose -4*n = 23*s - 18*s - 740, 4*s + 740 = h*n. What is the remainder when n is divided by 11?
9
Suppose -6*h + 328 = 4*x, -2*x = -2*h + 345 - 249. What is the remainder when h is divided by 15?
7
Suppose -v + 2 = 0, -v = -y + 2*y + 62. Let i = -228 + 138. Let x = y - i. What is the remainder when 46 is divided by x?
20
Calculate the remainder when 3/(-15) - (-5 - (2 + 161252/35)) is divided by 1535.
9
Let o = -10784 - -10817. Calculate the remainder when 1296 is divided by o.
9
Let p = 1 - -16. Suppose -3*l - g = -74, -20*g + 15*g + 46 = 3*l. Calculate the remainder when l is divided by p.
10
Let y(l) = -4*l**2 + 21*l - 108. Let q be y(6). Let h = 135 + q. Suppose -24 = 3*n - 4*n. What is the remainder when n is divided by h?
6
Let p be 468/4 + (-5 + 7 - 4). Wh